7845 prime?
False
Is 474115 composite?
True
Is 5607779 prime?
True
Is 356171 a prime number?
True
Is 1006651 composite?
False
Is 21557 composite?
False
Is 94811 a composite number?
False
Is 2426 a prime number?
False
Is 1234813 a prime number?
True
Is 232741 composite?
False
Is 1187 composite?
False
Is 409 a composite number?
False
Is 302609 a prime number?
True
Is 1195267 prime?
False
Is 405601 a prime number?
False
Is 184231 prime?
True
Is 297223 prime?
False
Is 7997 a composite number?
True
Is 57185 a composite number?
True
Is 2437 a composite number?
False
Is 14971 a composite number?
True
Is 158293 prime?
True
Is 114809 a composite number?
False
Is 3593 prime?
True
Is 13027 a composite number?
True
Is 64994 a composite number?
True
Is 406769 prime?
False
Is 25073 prime?
True
Is 194197 a composite number?
False
Is 443 a prime number?
True
Is 34934 a prime number?
False
Is 1049 composite?
False
Is 3989 a composite number?
False
Is 53 composite?
False
Is 17517 composite?
True
Is 7451 a prime number?
True
Is 164041 a composite number?
True
Is 931823 prime?
False
Is 32213 prime?
True
Is 90599 a composite number?
False
Is 1645801 composite?
False
Is 1111 a prime number?
False
Is 1035365 a composite number?
True
Is 761833 prime?
True
Is 171406 a prime number?
False
Is 11695 prime?
False
Is 2551817 a composite number?
False
Is 5541 prime?
False
Is 1220711 a composite number?
False
Is 657989 prime?
False
Is 47973 prime?
False
Is 29059 prime?
True
Is 34583 a prime number?
True
Is 743401 a composite number?
False
Is 127469 a composite number?
True
Is 29483 composite?
False
Is 622709 a composite number?
False
Is 2251 a prime number?
True
Is 631 a composite number?
False
Is 261407 prime?
True
Is 102793 prime?
True
Is 6737 a composite number?
False
Is 3587 a composite number?
True
Is 9277 composite?
False
Is 45455 prime?
False
Is 4700669 prime?
True
Is 30631 a composite number?
False
Is 3691 prime?
True
Is 9587 prime?
True
Is 11981 prime?
True
Is 10831 composite?
False
Is 46381 prime?
True
Is 29461 prime?
False
Is 112391 composite?
True
Is 46249 a composite number?
True
Is 382 composite?
True
Is 320035 a composite number?
True
Is 49615 a composite number?
True
Is 45442 prime?
False
Is 35537 prime?
True
Is 29626 a composite number?
True
Is 55763 a composite number?
False
Is 5647 prime?
True
Is 3943 a prime number?
True
Is 16943 composite?
False
Is 8581 a prime number?
True
Is 479737 composite?
True
Is 26807 a prime number?
False
Is 1229786 a composite number?
True
Is 306469 a composite number?
True
Is 821 a composite number?
False
Is 9271 prime?
False
Is 11729 composite?
True
Is 38929 a prime number?
False
Is 1117 a prime number?
True
Is 331 a prime number?
True
Is 2115299 prime?
False
Is 1847 a prime number?
True
Is 103099 a prime number?
True
Is 121791 composite?
True
Is 501373 prime?
False
Is 1097561 prime?
False
Is 169123 a composite number?
True
Is 321179 a composite number?
True
Is 256747 a composite number?
True
Is 2503 prime?
True
Is 10637 a prime number?
False
Is 73889 a prime number?
False
Is 39553 a composite number?
True
Is 164077 composite?
True
Is 47051 composite?
False
Is 6947 a composite number?
False
Is 4481 a prime number?
True
Is 157579 prime?
True
Is 492653 a prime number?
False
Is 11281 prime?
False
Is 2762227 prime?
False
Is 917753 composite?
False
Is 190273 composite?
True
Is 499229 a composite number?
False
Is 190063 composite?
False
Is 103577 prime?
True
Is 86253 prime?
False
Is 101129 a prime number?
False
Is 1017871 prime?
False
Is 12889 prime?
True
Is 92749 a prime number?
False
Is 96983 composite?
True
Is 1103 composite?
False
Is 39541 a composite number?
False
Is 24053 prime?
False
Is 105739 composite?
True
Is 751423 prime?
True
Is 128563 a composite number?
False
Is 9601 prime?
True
Is 158297 prime?
False
Is 20011 a composite number?
False
Is 42163 a composite number?
True
Is 106291 composite?
False
Is 3047 composite?
True
Is 90571 composite?
True
Is 288289 a prime number?
False
Is 551431 prime?
False
Is 858658 a composite number?
True
Is 3403 prime?
False
Is 1499 a prime number?
True
Is 3749 a composite number?
True
Is 30777 a prime number?
False
Is 124427 a composite number?
False
Is 258789 composite?
True
Is 8651 composite?
True
Is 118705 prime?
False
Is 38507 prime?
False
Is 773861 composite?
True
Is 2503 a prime number?
True
Is 420139 composite?
True
Is 147391 prime?
True
Is 156983 prime?
False
Is 53683 prime?
False
Is 81331 composite?
False
Is 3787 a prime number?
False
Is 75817 prime?
False
Is 506231 a composite number?
True
Is 75745 a prime number?
False
Is 580133 a prime number?
True
Is 13047 prime?
False
Is 2249409 a composite number?
True
Is 39211 a prime number?
False
Is 307 composite?
False
Is 15227 a prime number?
True
Is 204209 prime?
False
Is 3693 composite?
True
Is 2993 prime?
False
Is 2833 prime?
True
Is 36943 prime?
True
Is 16729 prime?
True
Is 91693 composite?
True
Is 485063 a prime number?
True
Is 406293 composite?
True
Is 502361 a composite number?
True
Is 7899 a prime number?
False
Is 107069 prime?
True
Is 825143 a prime number?
False
Is 3863 prime?
True
Is 21011 a composite number?
False
Is 16943 a composite number?
False
Is 110609 prime?
True
Is 66301 prime?
True
Is 55078 a prime number?
False
Is 126631 a composite number?
False
Is 2393 a composite number?
False
Is 13799 prime?
True
Is 132469 a composite number?
False
Is 15991 a composite number?
False
Is 98309 a composite number?
True
Is 214882 composite?
True
Is 31957 a prime number?
True
Is 755437 a composite number?
False
Is 137461 prime?
False
Is 109717 a prime number?
True
Is 220529 prime?
True
Is 1711 a composite number?
True
Is 11029 prime?
False
Is 1049 composite?
False
Is 363251 a prime number?
False
Is 943 prime?
False
Is 749623 composite?
True
Is 37159 composite?
False
Is 58034 a composite number?
True
Is 3508951 a prime number?
True
Is 769411 a prime number?
True
Is 1328521 a prime number?
True
Is 826907 composite?
False
Is 991 a composite number?
False
Is 1704621 prime?
False
Is 18697 prime?
False
Is 57747 a prime number?
False
Is 41362 prime?
False
Is 2633 a composite number?
False
Is 1910881 a prime number?
False
Is 450491 prime?
False
Is 813419 prime?
True
Is 9311 a prime number?
True
Is 8147 composite?
False
Is 33049 a composite number?
False
Is 146203 a composite number?
False
Is 157349 a prime number?
True
Is 20171 prime?
False
Is 168839 composite?
True
Is 16333 composite?
False
Is 1006847 a composite number?
False
Is 56138 a prime number?
False
Is 11477 a prime number?
False
Is 1733 composite?
False
Is 11147 a prime number?
False
Is 363131 prime?
False
Is 26003 a composite number?
False
Is 20011 composite?
False
Is 35291 prime?
True
Is 73729 composite?
True
Is 2957 a prime number?
True
Is 1272749 a composite number?
False
Is 2345803 prime?
True
Is 3587 composite?
True
Is 2669 a composite number?
True
Is 66655 composite?
True
Is 4471 prime?
False
Is 17833 prime?
False
Is 2362 a composite number?
True
Is 1184545 a composite number?
True
Is 28189 prime?
False
Is 145949 composite?
False
Is 1582467 prime?
False
Is 55511 composite?
False
Is 39851 composite?
True
Is 6666443 a composite number?
True
Is 21377 a prime number?
True
Is 18551 a prime number?
False
Is 93317 a composite number?
True
Is 2917577 composite?
True
Is 7819 a prime number?
False
Is 867029 a composite number?
True
Is 65903 composite?
True
Is 182117 composite?
True
Is 468595 a composite number?
True
Is 37381 a composite number?
True
Is 1513 a composite number?
True
Is 4253 a composite number?
False
Is 2193733 prime?
True
Is 2434535 prime?
False
Is 104071 a prime number?
False
Is 1634623 a prime number?
False
Is 28789 composite?
False
Is 138439 prime?
False
Is 521 prime?
True
Is 35771 a composite number?
False
Is 5363 a composite number?
True
Is 658037 prime?
False
Is 957499 a prime number?
True
Is 2644981 a composite number?
False
Is 2886899 a composite number?
False
Is 75479 prime?
True
Is 17149 prime?
False
Is 48878 a composite number?
True
Is 6229 a composite number?
False
Is 366857 composite?
True
Is 2213 a prime number?
True
Is 7963 a prime number?
True
Is 1211443 a composite number?
False
Is 3277091 a composite number?
False
Is 431507 a composite number?
Tr